*3 - 84*m**2 + 13161*m - 3273. Give y(80).
7
Let k(d) = -d**3 - 45*d**2 - 130*d + 6991. Determine k(-36).
7
Let w(t) = -23233*t + 185764. Determine w(8).
-100
Let k(g) = -g**3 + 7*g**2 + 611*g - 58. Calculate k(-20).
-1478
Let m(a) = 31*a**3 + 236*a**2 - 472*a - 7. Determine m(2).
241
Let a(v) = -73*v**3 + 8645*v**2 - 3655*v - 269. Give a(118).
85
Let i(v) = 38*v**2 + 6880*v + 392. Determine i(-181).
30
Let u(n) = 184794*n - 32708533. Give u(177).
5
Let x(j) = 1297*j + 7988. Determine x(-6).
206
Let f(b) = -42*b**2 + 128*b + 14. Calculate f(0).
14
Let u(s) = -1490*s - 540995. Determine u(-363).
-125
Let g(w) = -3605*w + 122585. Determine g(34).
15
Let f(s) = 192*s**2 + 8049*s + 239. Give f(-42).
869
Let n(w) = w**3 - 5*w**2 - 246*w + 808. Calculate n(3).
52
Let p(o) = -2955*o + 85605. What is p(29)?
-90
Let m(o) = o**3 + 63*o**2 - 35312*o - 2286808. Determine m(-65).
22
Let g(q) = q**3 + 77*q**2 - 2699*q - 2049. Give g(-103).
114
Let q(i) = 114*i**2 - 61*i - 485. Calculate q(-7).
5528
Let x(j) = -j**3 + j**2 + 193*j + 847. Determine x(-10).
17
Let u(l) = l**3 + 86*l**2 + 680*l - 962. Give u(-77).
39
Let t(v) = 7*v + 175. Calculate t(7).
224
Let r(i) = -1043*i + 28161. What is r(27)?
0
Let j(q) = -70*q**3 + q**2 - 68*q - 133. What is j(-2)?
567
Let v(q) = 9221*q - 129107. Determine v(14).
-13
Let l(w) = w**3 + 94*w**2 + 914*w + 50. Give l(-83).
-33
Let d(n) = -n**2 - 690*n + 44194. Calculate d(59).
3
Let l(m) = -m**3 + 35*m**2 + 8614*m + 1112. Calculate l(112).
-8
Let n(q) = q**3 - 384*q**2 - 83482*q + 9773. What is n(-155)?
8
Let u(s) = -s**2 - 122811*s - 1105299. Determine u(-9).
-81
Let l(z) = -11*z**2 - 1190*z + 24419. Calculate l(18).
-565
Let i(y) = -1952*y**2 + 23409*y + 187. What is i(12)?
7
Let i(c) = 92*c**2 + 5247*c - 41. What is i(-57)?
-212
Let t(y) = y**3 + 57*y**2 + 1140*y + 7401. Give t(-13).
17
Let m(h) = -2*h**3 - 142*h**2 + 27742. Determine m(-68).
-2
Let f(i) = -i**2 - 44*i - 104. What is f(-19)?
371
Let c(r) = 315*r - 58784. Calculate c(187).
121
Let u(n) = -10*n**2 - 1412*n - 445. Determine u(-141).
-163
Let l(v) = -401*v**3 + 3610*v**2 + 94*v - 937. Determine l(9).
-10
Let a(i) = -1081*i + 45410. Determine a(42).
8
Let d(h) = 1634*h**2 - 21230*h - 22. What is d(13)?
134
Let v(n) = -2*n**3 + 191*n**2 + 102*n - 855. What is v(96)?
-279
Let p(v) = -18285*v + 36697. What is p(2)?
127
Let s(l) = -4*l**3 + 528*l**2 - 14709*l - 1010. Determine s(92).
2
Let l(f) = 64*f**2 - 3572*f + 10261. Determine l(3).
121
Let u(v) = 5825*v + 58224. Calculate u(-10).
-26
Let g(q) = 361*q + 4526. What is g(-13)?
-167
Let p(z) = -11789*z - 59445. Determine p(-5).
-500
Let r(w) = -w**3 - 15*w**2 - 1231*w - 14349. What is r(-12)?
-9
Let m(j) = 32*j**3 + 127*j**2 - 49*j - 216. Calculate m(-6).
-2262
Let v(x) = 8*x**2 + 786*x - 41072. Give v(-136).
0
Let n(b) = -389*b + 41678. Determine n(107).
55
Let v(c) = -234*c**2 - 141*c + 33. What is v(2)?
-1185
Let d(k) = k**2 - 289*k - 16172. Give d(-50).
778
Let c(v) = -3*v**3 + 199*v**2 + 2960*v - 153308. What is c(70)?
-8
Let l(h) = -8240*h - 53228. Calculate l(-6).
-3788
Let v(l) = -2*l**3 + 4*l**2 + 97*l - 578. Calculate v(8).
-570
Let m(h) = -1872*h + 3502. What is m(2)?
-242
Let j(r) = -3*r + 624. What is j(29)?
537
Let o(u) = 32*u**2 + 103*u + 147. Calculate o(-2).
69
Let y(i) = 484*i - 2064. Determine y(4).
-128
Let k(b) = -1424*b + 88226. Determine k(62).
-62
Let h(m) = 53*m**2 - 339*m - 186. Give h(7).
38
Let l(f) = 7*f**3 + 187*f**2 + 727*f + 153. Calculate l(-22).
131
Let m(i) = 2593*i + 119451. What is m(-46)?
173
Let b(t) = -t**2 - 8*t + 4682. Give b(59).
729
Let d(q) = -4*q**2 + 19*q + 31. Give d(8).
-73
Let n(d) = d**2 + 2953*d - 47557. What is n(16)?
-53
Let v(d) = -174*d**2 - 3692*d - 33. What is v(-21)?
765
Let l(d) = 68*d**2 - 2467*d + 232. What is l(36)?
-452
Let w(f) = -f**2 + 109*f + 27266. Determine w(-120).
-214
Let u(l) = 19941*l + 378873. Determine u(-19).
-6
Let t(g) = -108518*g - 4232197. Determine t(-39).
5
Let f(a) = -628*a**2 + 5*a - 4. Determine f(1).
-627
Let g(s) = -88*s**2 - 1187*s - 103. Give g(-12).
1469
Let u(k) = -3050*k - 74949. Determine u(-24).
-1749
Let w(m) = 4995*m**2 + 189805*m - 5. Determine w(-38).
185
Let l(v) = -210*v + 21497. What is l(109)?
-1393
Let y(q) = 1181*q + 17926. Determine y(-15).
211
Let m(q) = 2*q**2 - 206*q + 5022. Determine m(54).
-270
Let m(g) = -7*g**3 + 2560*g**2 - 4368*g - 3. What is m(364)?
-3
Let g(l) = 5806*l - 197347. What is g(34)?
57
Let p(q) = -q**3 - 69*q**2 - 121*q + 1517. What is p(-67)?
646
Let p(a) = -9*a**2 - 8408*a - 16817. Give p(-2).
-37
Let m(z) = 302*z - 7796. What is m(26)?
56
Let p(n) = 272*n + 50401. Give p(-185).
81
Let x(l) = l**3 - 424*l**2 - 5350*l + 245769. What is x(435)?
-6
Let y(r) = -1728*r**2 + 15549*r + 46. Give y(9).
19
Let k(p) = -2*p**3 - 12*p**2 + 75*p + 67. Calculate k(-10).
117
Let y(f) = -618*f**2 - 428*f + 1. Calculate y(-1).
-189
Let r(p) = 5*p**3 + 257*p**2 - 1334*p - 2570. What is r(-56)?
6
Let y(n) = -1282*n - 96123. Determine y(-75).
27
Let y(x) = -188*x**2 - 16752*x - 1777. Give y(-89).
3
Let h(w) = 4*w**2 + 676*w + 171. Give h(-170).
851
Let f(s) = -4*s**2 - 1763*s + 855864. Calculate f(292).
12
Let t(r) = 38*r + 931. Give t(-31).
-247
Let x(f) = -592*f**2 - 571870*f + 1932. Give x(-966).
0
Let f(z) = z**3 - 14*z**2 + 54*z - 1003. Give f(16).
373
Let k(v) = -276*v + 1707. Determine k(6).
51
Let p(k) = -953*k + 30863. Give p(34).
-1539
Let a(u) = 898*u + 79917. Give a(-89).
-5
Let y(n) = 13356*n + 841419. Calculate y(-63).
-9
Let h(p) = -3*p**3 + 7*p**2 - 179*p + 1096. Calculate h(5).
1
Let l(t) = -15*t**2 - 107*t + 362. Give l(-11).
-276
Let q(v) = -v**2 - 300*v - 22267. Calculate q(-134).
-23
Let m(t) = t**3 + 25*t**2 - 381*t - 9271. Determine m(-26).
-41
Let p(l) = 40*l**3 - 4*l**2 + 2318*l - 6955. What is p(3)?
1043
Let u(x) = x**2 + 13593*x + 162953. What is u(-12)?
-19
Let a(l) = 4*l**3 - 31*l**2 + 53*l - 31. Determine a(7).
193
Let p(v) = -3*v**3 + 61*v**2 - 228*v + 17. Determine p(15).
197
Let c(t) = -2633*t - 73924. Calculate c(-28).
-200
Let q(x) = -x**2 - 26491*x - 88. Calculate q(0).
-88
Let o(i) = -153*i + 4609. What is o(31)?
-134
Let n(z) = -936*z - 6873. Determine n(-8).
615
Let n(g) = -28*g**2 + 2167*g - 8984. What is n(73)?
-5
Let h(d) = 12320*d - 517439. What is h(42)?
1
Let b(t) = -925*t + 125666. What is b(136)?
-134
Let l(x) = x**3 - 21*x**2 - 57*x + 881. Give l(19).
-924
Let h(l) = -6*l**2 - 830*l + 9840. Determine h(11).
-16
Let x(m) = -356562*m - 3922103. Give x(-11).
79
Let k(m) = 698326*m + 5586588. Determine k(-8).
-20
Let v(r) = -r**3 + 101*r**2 + 5727*r - 108921. Determine v(137).
-6
Let w(u) = -8879*u - 26526. Give w(-3).
111
Let w(h) = -h**2 + 632*h - 92364. Determine w(230).
96
Let f(a) = 2*a**3 - 73*a**2 - 7*a - 1031. What is f(37)?
79
Let f(t) = t**3 - 49*t**2 + 575*t + 113. What is f(29)?
-32
Let x(c) = 117*c + 9786. What is x(-84)?
-42
Let b(f) = -3130*f - 15608. Determine b(-5).
42
Let s(f) = 2*f**3 - 3*f**2 - 140*f - 89. Determine s(-7).
58
Let c(b) = -4*b**3 + 3*b**2 + 131*b + 435. Give c(-5).
355
Let a(r) = -4*r**2 - 374*r + 1002. Give a(-96).
42
Let s(w) = 7*w**2 - 647*w - 56193. Determine s(147).
-39
Let g(s) = -13922*s + 1043915. Calculate g(75).
-235
Let u(t) = 440*t + 41. Determine u(1).
481
Let f(v) = 218*v + 184235. Calculate f(-845).
25
Let b(a) = -a**3 - 14*a**2 - 316*a - 2442. Determine b(-9).
-3
Let b(v) = 2*v**3 + 813*v**2 + 100*v - 124229. Determine b(-406).
7
Let t(i) = 12506*i - 24807. Give t(2).
205
Let r(h) = -3*h**3 - 64*h**2 - 70*h - 144. Calculate r(-21).
885
Let o(v) = -v**3 + 21*v**2 + 32*v - 147. Calculate o(18).
1401
Let x(g) = 31*g**2 + 7130*g - 59. Give x(-230).
-59
Let r(x) = 3250*x - 5853. Give r(2).
647
Let y(t) = 2*t**2 + 164*t - 7665. Determine y(-111).
-1227
Let z(g) = -5837*g + 1313314. What is z(225)?
-11
Let w(l) = -20*l**2 - 123*l - 701. Calculate w(-6).
-683
Let w(v) = v**3 - 15*v**2 - 43*v + 433. Calculate w(12).
-515
Let x(w) = 5533*w - 121655. Give x(22).
71
Let v(r) = -3*r**3 - 301*r**2 - 67*r + 3493. What is v(-100)?
193
Let y(p) = -12*p**2 - 150*p + 137. Calculate y(1).
-25
Let b(a) = 3*a**2 - 436*a - 17741. What is b(-31)?
-1342
Let o(f) = -f**3 - 111*f**2 + 533*f + 21771. What is o(-114)?
-3
Let r(i) = 